{"id":2607,"date":"2021-06-18T12:27:05","date_gmt":"2021-06-18T10:27:05","guid":{"rendered":"https:\/\/villasicula-capo.com\/?page_id=2607"},"modified":"2021-06-18T12:27:05","modified_gmt":"2021-06-18T10:27:05","slug":"vincenzo-bellini","status":"publish","type":"page","link":"https:\/\/villasicula-capo.com\/fr\/vincenzo-bellini\/","title":{"rendered":"Vincenzo Bellini"},"content":{"rendered":"<div class=\"block core-paragraph \">\n<p><em>Vincenzo Bellini<\/em>, compositeur d&rsquo;op\u00e9ra italien, est n\u00e9 \u00e0 Catane, en Sicile, en 1801. Apr\u00e8s avoir \u00e9tudi\u00e9 au conservatoire de Naples et travaill\u00e9 au Teatro San Carlo (Naples) et \u00e0 la Scala de Milan, il se rend \u00e0 Paris en 1833, o\u00f9 il meurt en 1835. Bellini est consid\u00e9r\u00e9 comme le fondateur du \u00ab\u00a0melodramma tragico\u00a0\u00bb, l&rsquo;op\u00e9ra romantique italien. Son style lyrique et dramatique a influenc\u00e9 d&rsquo;autres compositeurs d&rsquo;op\u00e9ra tels que Gaetano Donizetti, Giuseppe Verdi et Richard Wagner. L&rsquo;op\u00e9ra de Catane porte son nom et peut \u00eatre visit\u00e9, de m\u00eame que sa maison natale.<\/p>\n<\/div><div class=\"block core-paragraph \">\n<p>Un plat sicilien typique \u00ab\u00a0Pasta alla Norma\u00a0\u00bb, des p\u00e2tes \u00e0 la sauce tomate, aux aubergines et \u00e0 la ricotta cuites au four, fait r\u00e9f\u00e9rence \u00e0 <em>Norma<\/em>, l&rsquo;op\u00e9ra le plus c\u00e9l\u00e8bre de Bellini. C&rsquo;est pourquoi la cuisine de l&rsquo;appartement \u00ab\u00a0La Cultura Siciliana\u00a0\u00bb porte le nom du musicien.<\/p>\n<\/div><div class=\"block core-image \">\n<div class=\"wp-block-image\"><figure class=\"aligncenter size-large\"><img fetchpriority=\"high\" decoding=\"async\" width=\"366\" height=\"245\" src=\"https:\/\/villasicula-capo.com\/wp-content\/uploads\/2021\/01\/Vincenzo_bellini-1.jpg\" alt=\"\" class=\"wp-image-622\"\/><\/figure><\/div>\n<\/div>","protected":false},"excerpt":{"rendered":"<p>Vincenzo Bellini, compositeur d&rsquo;op\u00e9ra italien, est n\u00e9 \u00e0 Catane, en Sicile, en 1801. Apr\u00e8s avoir \u00e9tudi\u00e9 au conservatoire de Naples et travaill\u00e9 au Teatro San Carlo (Naples) et \u00e0 la Scala de Milan, il se rend \u00e0 Paris en 1833, o\u00f9 il meurt en 1835. Bellini est consid\u00e9r\u00e9 comme le fondateur du \u00ab\u00a0melodramma tragico\u00a0\u00bb, l&rsquo;op\u00e9ra [&hellip;]<\/p>\n","protected":false},"author":4,"featured_media":2335,"parent":0,"menu_order":0,"comment_status":"closed","ping_status":"closed","template":"","meta":{"_acf_changed":false,"footnotes":""},"class_list":["post-2607","page","type-page","status-publish","has-post-thumbnail","hentry"],"acf":[],"yoast_head":"<!-- This site is optimized with the Yoast SEO plugin v24.0 - https:\/\/yoast.com\/wordpress\/plugins\/seo\/ -->\n<title>Vincenzo Bellini | Villa Sicula<\/title>\n<meta name=\"description\" content=\"D\u00e9couvrez la culture de la Sicile : l&#039;appartement &quot;La Cultura Sicliana&quot; de la Villa Sicula vous offre des vacances exceptionnelles.\" \/>\n<meta name=\"robots\" content=\"index, follow, max-snippet:-1, max-image-preview:large, max-video-preview:-1\" \/>\n<link rel=\"canonical\" href=\"https:\/\/villasicula-capo.com\/fr\/vincenzo-bellini\/\" \/>\n<meta property=\"og:locale\" content=\"fr_FR\" \/>\n<meta property=\"og:type\" content=\"article\" \/>\n<meta property=\"og:title\" content=\"Vincenzo Bellini | Villa Sicula\" \/>\n<meta property=\"og:description\" content=\"D\u00e9couvrez la culture de la Sicile : l&#039;appartement &quot;La Cultura Sicliana&quot; de la Villa Sicula vous offre des vacances exceptionnelles.\" \/>\n<meta property=\"og:url\" content=\"https:\/\/villasicula-capo.com\/fr\/vincenzo-bellini\/\" \/>\n<meta property=\"og:site_name\" content=\"Villa Sicula\" \/>\n<meta property=\"og:image\" content=\"https:\/\/villasicula-capo.com\/wp-content\/uploads\/2021\/02\/Bilder-Sizilien-26.jpg\" \/>\n\t<meta property=\"og:image:width\" content=\"3000\" \/>\n\t<meta property=\"og:image:height\" content=\"2000\" \/>\n\t<meta property=\"og:image:type\" content=\"image\/jpeg\" \/>\n<meta name=\"twitter:card\" content=\"summary_large_image\" \/>\n<meta name=\"twitter:label1\" content=\"Dur\u00e9e de lecture estim\u00e9e\" \/>\n\t<meta name=\"twitter:data1\" content=\"1 minute\" \/>\n<script type=\"application\/ld+json\" class=\"yoast-schema-graph\">{\"@context\":\"https:\/\/schema.org\",\"@graph\":[{\"@type\":\"WebPage\",\"@id\":\"https:\/\/villasicula-capo.com\/fr\/vincenzo-bellini\/\",\"url\":\"https:\/\/villasicula-capo.com\/fr\/vincenzo-bellini\/\",\"name\":\"Vincenzo Bellini | Villa Sicula\",\"isPartOf\":{\"@id\":\"https:\/\/villasicula-capo.com\/fr\/#website\"},\"primaryImageOfPage\":{\"@id\":\"https:\/\/villasicula-capo.com\/fr\/vincenzo-bellini\/#primaryimage\"},\"image\":{\"@id\":\"https:\/\/villasicula-capo.com\/fr\/vincenzo-bellini\/#primaryimage\"},\"thumbnailUrl\":\"https:\/\/villasicula-capo.com\/wp-content\/uploads\/2021\/02\/Bilder-Sizilien-26.jpg\",\"datePublished\":\"2021-06-18T10:27:05+00:00\",\"dateModified\":\"2021-06-18T10:27:05+00:00\",\"description\":\"D\u00e9couvrez la culture de la Sicile : l'appartement \\\"La Cultura Sicliana\\\" de la Villa Sicula vous offre des vacances exceptionnelles.\",\"inLanguage\":\"fr-FR\",\"potentialAction\":[{\"@type\":\"ReadAction\",\"target\":[\"https:\/\/villasicula-capo.com\/fr\/vincenzo-bellini\/\"]}]},{\"@type\":\"ImageObject\",\"inLanguage\":\"fr-FR\",\"@id\":\"https:\/\/villasicula-capo.com\/fr\/vincenzo-bellini\/#primaryimage\",\"url\":\"https:\/\/villasicula-capo.com\/wp-content\/uploads\/2021\/02\/Bilder-Sizilien-26.jpg\",\"contentUrl\":\"https:\/\/villasicula-capo.com\/wp-content\/uploads\/2021\/02\/Bilder-Sizilien-26.jpg\",\"width\":3000,\"height\":2000},{\"@type\":\"WebSite\",\"@id\":\"https:\/\/villasicula-capo.com\/fr\/#website\",\"url\":\"https:\/\/villasicula-capo.com\/fr\/\",\"name\":\"Villa Sicula\",\"description\":\"\",\"publisher\":{\"@id\":\"https:\/\/villasicula-capo.com\/fr\/#organization\"},\"potentialAction\":[{\"@type\":\"SearchAction\",\"target\":{\"@type\":\"EntryPoint\",\"urlTemplate\":\"https:\/\/villasicula-capo.com\/fr\/?s={search_term_string}\"},\"query-input\":{\"@type\":\"PropertyValueSpecification\",\"valueRequired\":true,\"valueName\":\"search_term_string\"}}],\"inLanguage\":\"fr-FR\"},{\"@type\":\"Organization\",\"@id\":\"https:\/\/villasicula-capo.com\/fr\/#organization\",\"name\":\"Villa Sicula\",\"url\":\"https:\/\/villasicula-capo.com\/fr\/\",\"logo\":{\"@type\":\"ImageObject\",\"inLanguage\":\"fr-FR\",\"@id\":\"https:\/\/villasicula-capo.com\/fr\/#\/schema\/logo\/image\/\",\"url\":\"https:\/\/villasicula-capo.com\/wp-content\/uploads\/2023\/02\/cropped-Villa-Sicula-del-Capo_klein.png\",\"contentUrl\":\"https:\/\/villasicula-capo.com\/wp-content\/uploads\/2023\/02\/cropped-Villa-Sicula-del-Capo_klein.png\",\"width\":360,\"height\":225,\"caption\":\"Villa Sicula\"},\"image\":{\"@id\":\"https:\/\/villasicula-capo.com\/fr\/#\/schema\/logo\/image\/\"}}]}<\/script>\n<!-- \/ Yoast SEO plugin. -->","yoast_head_json":{"title":"Vincenzo Bellini | Villa Sicula","description":"D\u00e9couvrez la culture de la Sicile : l'appartement \"La Cultura Sicliana\" de la Villa Sicula vous offre des vacances exceptionnelles.","robots":{"index":"index","follow":"follow","max-snippet":"max-snippet:-1","max-image-preview":"max-image-preview:large","max-video-preview":"max-video-preview:-1"},"canonical":"https:\/\/villasicula-capo.com\/fr\/vincenzo-bellini\/","og_locale":"fr_FR","og_type":"article","og_title":"Vincenzo Bellini | Villa Sicula","og_description":"D\u00e9couvrez la culture de la Sicile : l'appartement \"La Cultura Sicliana\" de la Villa Sicula vous offre des vacances exceptionnelles.","og_url":"https:\/\/villasicula-capo.com\/fr\/vincenzo-bellini\/","og_site_name":"Villa Sicula","og_image":[{"width":3000,"height":2000,"url":"https:\/\/villasicula-capo.com\/wp-content\/uploads\/2021\/02\/Bilder-Sizilien-26.jpg","type":"image\/jpeg"}],"twitter_card":"summary_large_image","twitter_misc":{"Dur\u00e9e de lecture estim\u00e9e":"1 minute"},"schema":{"@context":"https:\/\/schema.org","@graph":[{"@type":"WebPage","@id":"https:\/\/villasicula-capo.com\/fr\/vincenzo-bellini\/","url":"https:\/\/villasicula-capo.com\/fr\/vincenzo-bellini\/","name":"Vincenzo Bellini | Villa Sicula","isPartOf":{"@id":"https:\/\/villasicula-capo.com\/fr\/#website"},"primaryImageOfPage":{"@id":"https:\/\/villasicula-capo.com\/fr\/vincenzo-bellini\/#primaryimage"},"image":{"@id":"https:\/\/villasicula-capo.com\/fr\/vincenzo-bellini\/#primaryimage"},"thumbnailUrl":"https:\/\/villasicula-capo.com\/wp-content\/uploads\/2021\/02\/Bilder-Sizilien-26.jpg","datePublished":"2021-06-18T10:27:05+00:00","dateModified":"2021-06-18T10:27:05+00:00","description":"D\u00e9couvrez la culture de la Sicile : l'appartement \"La Cultura Sicliana\" de la Villa Sicula vous offre des vacances exceptionnelles.","inLanguage":"fr-FR","potentialAction":[{"@type":"ReadAction","target":["https:\/\/villasicula-capo.com\/fr\/vincenzo-bellini\/"]}]},{"@type":"ImageObject","inLanguage":"fr-FR","@id":"https:\/\/villasicula-capo.com\/fr\/vincenzo-bellini\/#primaryimage","url":"https:\/\/villasicula-capo.com\/wp-content\/uploads\/2021\/02\/Bilder-Sizilien-26.jpg","contentUrl":"https:\/\/villasicula-capo.com\/wp-content\/uploads\/2021\/02\/Bilder-Sizilien-26.jpg","width":3000,"height":2000},{"@type":"WebSite","@id":"https:\/\/villasicula-capo.com\/fr\/#website","url":"https:\/\/villasicula-capo.com\/fr\/","name":"Villa Sicula","description":"","publisher":{"@id":"https:\/\/villasicula-capo.com\/fr\/#organization"},"potentialAction":[{"@type":"SearchAction","target":{"@type":"EntryPoint","urlTemplate":"https:\/\/villasicula-capo.com\/fr\/?s={search_term_string}"},"query-input":{"@type":"PropertyValueSpecification","valueRequired":true,"valueName":"search_term_string"}}],"inLanguage":"fr-FR"},{"@type":"Organization","@id":"https:\/\/villasicula-capo.com\/fr\/#organization","name":"Villa Sicula","url":"https:\/\/villasicula-capo.com\/fr\/","logo":{"@type":"ImageObject","inLanguage":"fr-FR","@id":"https:\/\/villasicula-capo.com\/fr\/#\/schema\/logo\/image\/","url":"https:\/\/villasicula-capo.com\/wp-content\/uploads\/2023\/02\/cropped-Villa-Sicula-del-Capo_klein.png","contentUrl":"https:\/\/villasicula-capo.com\/wp-content\/uploads\/2023\/02\/cropped-Villa-Sicula-del-Capo_klein.png","width":360,"height":225,"caption":"Villa Sicula"},"image":{"@id":"https:\/\/villasicula-capo.com\/fr\/#\/schema\/logo\/image\/"}}]}},"_links":{"self":[{"href":"https:\/\/villasicula-capo.com\/fr\/wp-json\/wp\/v2\/pages\/2607","targetHints":{"allow":["GET"]}}],"collection":[{"href":"https:\/\/villasicula-capo.com\/fr\/wp-json\/wp\/v2\/pages"}],"about":[{"href":"https:\/\/villasicula-capo.com\/fr\/wp-json\/wp\/v2\/types\/page"}],"author":[{"embeddable":true,"href":"https:\/\/villasicula-capo.com\/fr\/wp-json\/wp\/v2\/users\/4"}],"replies":[{"embeddable":true,"href":"https:\/\/villasicula-capo.com\/fr\/wp-json\/wp\/v2\/comments?post=2607"}],"version-history":[{"count":0,"href":"https:\/\/villasicula-capo.com\/fr\/wp-json\/wp\/v2\/pages\/2607\/revisions"}],"wp:featuredmedia":[{"embeddable":true,"href":"https:\/\/villasicula-capo.com\/fr\/wp-json\/wp\/v2\/media\/2335"}],"wp:attachment":[{"href":"https:\/\/villasicula-capo.com\/fr\/wp-json\/wp\/v2\/media?parent=2607"}],"curies":[{"name":"wp","href":"https:\/\/api.w.org\/{rel}","templated":true}]}}

<div class="block core-paragraph ">
<p><em>Vincenzo Bellini</em>, compositeur d&rsquo;opéra italien, est né à Catane, en Sicile, en 1801. Après avoir étudié au conservatoire de Naples et travaillé au Teatro San Carlo (Naples) et à la Scala de Milan, il se rend à Paris en 1833, où il meurt en 1835. Bellini est considéré comme le fondateur du « melodramma tragico », l&rsquo;opéra romantique italien. Son style lyrique et dramatique a influencé d&rsquo;autres compositeurs d&rsquo;opéra tels que Gaetano Donizetti, Giuseppe Verdi et Richard Wagner. L&rsquo;opéra de Catane porte son nom et peut être visité, de même que sa maison natale.</p>
</div><div class="block core-paragraph ">
<p>Un plat sicilien typique « Pasta alla Norma », des pâtes à la sauce tomate, aux aubergines et à la ricotta cuites au four, fait référence à <em>Norma</em>, l&rsquo;opéra le plus célèbre de Bellini. C&rsquo;est pourquoi la cuisine de l&rsquo;appartement « La Cultura Siciliana » porte le nom du musicien.</p>
</div><div class="block core-image ">
<div class="wp-block-image"><figure class="aligncenter size-large"><img fetchpriority="high" decoding="async" width="366" height="245" src="https://villasicula-capo.com/wp-content/uploads/2021/01/Vincenzo_bellini-1.jpg" alt="" class="wp-image-622"/></figure></div>
</div>

<p>Vincenzo Bellini, compositeur d&rsquo;opéra italien, est né à Catane, en Sicile, en 1801. Après avoir étudié au conservatoire de Naples et travaillé au Teatro San Carlo (Naples) et à la Scala de Milan, il se rend à Paris en 1833, où il meurt en 1835. Bellini est considéré comme le fondateur du « melodramma tragico », l&rsquo;opéra [&hellip;]</p>

<!-- This site is optimized with the Yoast SEO plugin v24.0 - https://yoast.com/wordpress/plugins/seo/ -->
<title>Vincenzo Bellini | Villa Sicula</title>
<meta name="description" content="Découvrez la culture de la Sicile : l&#039;appartement &quot;La Cultura Sicliana&quot; de la Villa Sicula vous offre des vacances exceptionnelles." />
<meta name="robots" content="index, follow, max-snippet:-1, max-image-preview:large, max-video-preview:-1" />
<link rel="canonical" href="https://villasicula-capo.com/fr/vincenzo-bellini/" />
<meta property="og:locale" content="fr_FR" />
<meta property="og:type" content="article" />
<meta property="og:title" content="Vincenzo Bellini | Villa Sicula" />
<meta property="og:description" content="Découvrez la culture de la Sicile : l&#039;appartement &quot;La Cultura Sicliana&quot; de la Villa Sicula vous offre des vacances exceptionnelles." />
<meta property="og:url" content="https://villasicula-capo.com/fr/vincenzo-bellini/" />
<meta property="og:site_name" content="Villa Sicula" />
<meta property="og:image" content="https://villasicula-capo.com/wp-content/uploads/2021/02/Bilder-Sizilien-26.jpg" />
	<meta property="og:image:width" content="3000" />
	<meta property="og:image:height" content="2000" />
	<meta property="og:image:type" content="image/jpeg" />
<meta name="twitter:card" content="summary_large_image" />
<meta name="twitter:label1" content="Durée de lecture estimée" />
	<meta name="twitter:data1" content="1 minute" />
<script type="application/ld+json" class="yoast-schema-graph">{"@context":"https://schema.org","@graph":[{"@type":"WebPage","@id":"https://villasicula-capo.com/fr/vincenzo-bellini/","url":"https://villasicula-capo.com/fr/vincenzo-bellini/","name":"Vincenzo Bellini | Villa Sicula","isPartOf":{"@id":"https://villasicula-capo.com/fr/#website"},"primaryImageOfPage":{"@id":"https://villasicula-capo.com/fr/vincenzo-bellini/#primaryimage"},"image":{"@id":"https://villasicula-capo.com/fr/vincenzo-bellini/#primaryimage"},"thumbnailUrl":"https://villasicula-capo.com/wp-content/uploads/2021/02/Bilder-Sizilien-26.jpg","datePublished":"2021-06-18T10:27:05+00:00","dateModified":"2021-06-18T10:27:05+00:00","description":"Découvrez la culture de la Sicile : l'appartement \"La Cultura Sicliana\" de la Villa Sicula vous offre des vacances exceptionnelles.","inLanguage":"fr-FR","potentialAction":[{"@type":"ReadAction","target":["https://villasicula-capo.com/fr/vincenzo-bellini/"]}]},{"@type":"ImageObject","inLanguage":"fr-FR","@id":"https://villasicula-capo.com/fr/vincenzo-bellini/#primaryimage","url":"https://villasicula-capo.com/wp-content/uploads/2021/02/Bilder-Sizilien-26.jpg","contentUrl":"https://villasicula-capo.com/wp-content/uploads/2021/02/Bilder-Sizilien-26.jpg","width":3000,"height":2000},{"@type":"WebSite","@id":"https://villasicula-capo.com/fr/#website","url":"https://villasicula-capo.com/fr/","name":"Villa Sicula","description":"","publisher":{"@id":"https://villasicula-capo.com/fr/#organization"},"potentialAction":[{"@type":"SearchAction","target":{"@type":"EntryPoint","urlTemplate":"https://villasicula-capo.com/fr/?s={search_term_string}"},"query-input":{"@type":"PropertyValueSpecification","valueRequired":true,"valueName":"search_term_string"}}],"inLanguage":"fr-FR"},{"@type":"Organization","@id":"https://villasicula-capo.com/fr/#organization","name":"Villa Sicula","url":"https://villasicula-capo.com/fr/","logo":{"@type":"ImageObject","inLanguage":"fr-FR","@id":"https://villasicula-capo.com/fr/#/schema/logo/image/","url":"https://villasicula-capo.com/wp-content/uploads/2023/02/cropped-Villa-Sicula-del-Capo_klein.png","contentUrl":"https://villasicula-capo.com/wp-content/uploads/2023/02/cropped-Villa-Sicula-del-Capo_klein.png","width":360,"height":225,"caption":"Villa Sicula"},"image":{"@id":"https://villasicula-capo.com/fr/#/schema/logo/image/"}}]}</script>
<!-- / Yoast SEO plugin. -->

Découvrez la culture de la Sicile : l'appartement "La Cultura Sicliana" de la Villa Sicula vous offre des vacances exceptionnelles.
